ist the prime factors of 2530348650.
2, 3, 5, 31, 181387
List the prime factors of 254266513.
254266513
List the prime factors of 80080173.
3, 37, 101, 2381
List the prime factors of 2427817443.
3, 167, 4845943
What are the prime factors of 62765138?
2, 997, 31477
List the prime factors of 37722503.
7, 13, 59219
List the prime factors of 5449434018.
2, 3, 7, 4001, 32429
What are the prime factors of 1200254245?
5, 240050849
List the prime factors of 71042874.
2, 3, 7, 113, 14969
List the prime factors of 81620254.
2, 3709, 11003
What are the prime factors of 290346566?
2, 131, 137, 8089
What are the prime factors of 296784316?
2, 74196079
What are the prime factors of 1111853421?
3, 7, 17648467
List the prime factors of 24572504.
2, 11, 103, 2711
What are the prime factors of 263839213?
11, 61, 393203
What are the prime factors of 1037028617?
103, 10068239
What are the prime factors of 617672128?
2, 293, 32939
List the prime factors of 46930536.
2, 3, 217271
What are the prime factors of 143203620?
2, 3, 5, 7, 59, 5779
List the prime factors of 204756300.
2, 3, 5, 7, 4643
What are the prime factors of 1291382481?
3, 19, 47, 482039
List the prime factors of 22819631.
22819631
What are the prime factors of 18639945?
3, 5, 414221
What are the prime factors of 4859294?
2, 11, 220877
What are the prime factors of 468801596?
2, 83, 1412053
What are the prime factors of 346657927?
7, 11, 4502051
List the prime factors of 1005365482.
2, 11, 17, 2688143
What are the prime factors of 2964604254?
2, 3, 2549, 193841
List the prime factors of 4017494217.
3, 11, 2293, 53093
What are the prime factors of 1408926085?
5, 7, 17, 809, 2927
List the prime factors of 258828417.
3, 17, 1691689
List the prime factors of 1620952887.
3, 540317629
List the prime factors of 58430793.
3, 19476931
What are the prime factors of 3148855211?
15073, 208907
What are the prime factors of 322376603?
6829, 47207
What are the prime factors of 5477043436?
2, 19, 733, 98317
What are the prime factors of 46949820?
2, 3, 5, 782497
List the prime factors of 237913251.
3, 31, 113, 22639
What are the prime factors of 35786456?
2, 1579, 2833
What are the prime factors of 49755936?
2, 3, 518291
What are the prime factors of 437724182?
2, 7, 541, 57793
List the prime factors of 4668569066.
2, 7, 97, 3437827
What are the prime factors of 2955322204?
2, 738830551
What are the prime factors of 45962770?
2, 5, 7, 31, 59, 359
List the prime factors of 39888296.
2, 7, 19, 37489
What are the prime factors of 655090468?
2, 61, 271, 9907
What are the prime factors of 36112149?
3, 445829
What are the prime factors of 4399602030?
2, 3, 5, 2293, 21319
List the prime factors of 93285361.
13, 43, 109, 1531
What are the prime factors of 1042219171?
7, 23, 924773
What are the prime factors of 70055710?
2, 5, 7005571
What are the prime factors of 6511837?
181, 35977
List the prime factors of 1016014350.
2, 3, 5, 13, 17, 30649
What are the prime factors of 244314755?
5, 48862951
What are the prime factors of 7011179?
7, 71, 14107
List the prime factors of 1282162504.
2, 7, 22895759
What are the prime factors of 2448280244?
2, 1033, 592517
List the prime factors of 8432679.
3, 2810893
What are the prime factors of 39525285?
3, 5, 2635019
List the prime factors of 1235960380.
2, 5, 61798019
What are the prime factors of 270396149?
9803, 27583
List the prime factors of 382720434.
2, 3, 7759, 8221
What are the prime factors of 1334185280?
2, 5, 4169329
What are the prime factors of 230899470?
2, 3, 5, 31, 8009
What are the prime factors of 789810107?
19, 1033, 40241
List the prime factors of 212457932.
2, 53114483
List the prime factors of 2169833222.
2, 2213, 490247
List the prime factors of 38734206.
2, 3, 7, 131749
List the prime factors of 124255823.
223, 557201
List the prime factors of 806706377.
139, 769, 7547
List the prime factors of 121165662.
2, 3, 20194277
What are the prime factors of 349801855?
5, 13, 53, 59, 1721
List the prime factors of 389019904.
2, 7, 13, 16699
What are the prime factors of 1130221602?
2, 3, 409, 153521
List the prime factors of 41884141.
13, 17, 79, 2399
What are the prime factors of 290137594?
2, 23, 61, 103399
List the prime factors of 422727183.
3, 37, 79, 16069
List the prime factors of 2502432621.
3, 13, 21388313
What are the prime factors of 41356321?
239, 173039
List the prime factors of 144744922.
2, 7, 1476989
List the prime factors of 7607582769.
3, 397, 6387559
List the prime factors of 641358297.
3, 89, 266899
What are the prime factors of 60752810?
2, 5, 6075281
What are the prime factors of 33462750?
2, 3, 5, 44617
What are the prime factors of 3142156654?
2, 7, 13, 19, 271, 479
What are the prime factors of 38278918?
2, 19139459
What are the prime factors of 312166463?
7, 59, 61, 12391
List the prime factors of 1675104896.
2, 61, 3517
What are the prime factors of 266890640?
2, 5, 1597, 2089
List the prime factors of 425363080.
2, 5, 137, 77621
List the prime factors of 672973956.
2, 3, 18693721
What are the prime factors of 671537813?
671537813
List the prime factors of 28679030.
2, 5, 31, 71, 1303
What are the prime factors of 1416325386?
2, 3, 7, 17, 1983649
List the prime factors of 31213741.
13, 593, 4049
List the prime factors of 200326000.
2, 5, 7, 41, 349
List the prime factors of 3858595.
5, 13, 23, 29, 89
What are the prime factors of 69790985?
5, 11, 10487
List the prime factors of 57106341.
3, 6345149
List the prime factors of 105092080.
2, 5, 1313651
List the prime factors of 426311259.
3, 11, 12918523
What are the prime factors of 106220866?
2, 5387, 9859
What are the prime factors of 7643028?
2, 3, 636919
What are the prime factors of 114564722?
2, 57282361
What are the prime factors of 496116033?
3, 7, 31, 108869
List the prime factors of 799432833.
3, 283, 941617
What are the prime factors of 1969415911?
19, 173, 599153
List the prime factors of 41314814.
2, 20657407
What are the prime factors of 422662741?
151, 2799091
List the prime factors of 73270027.
37, 73, 27127
What are the prime factors of 1814301538?
2, 7, 29, 467, 1367
List the prime factors of 1254924332.
2, 13477, 23279
List the prime factors of 92683069.
1217, 76157
List the prime factors of 110241103.
7, 79, 311, 641
List the prime factors of 533622926.
2, 757, 352459
What are the prime factors of 57774406?
2, 131, 220513
List the prime factors of 79827874.
2, 7, 5701991
List the prime factors of 416907.
3, 5147
List the prime factors of 198827543.
743, 267601
List the prime factors of 2095057774.
2, 653, 1604179
List the prime factors of 682540327.
7, 17, 5735633
What are the prime factors of 416981649?
3, 7, 19856269
What are the prime factors of 214607238?
2, 3, 43, 831811
What are the prime factors of 4367744104?
2, 41, 1459, 9127
What are the prime factors of 52236100?
2, 5, 7, 74623
List the prime factors of 818071647.
3, 41, 281, 23669
List the prime factors of 765067134.
2, 3, 13, 41, 239233
List the prime factors of 684550638.
2, 3, 73, 520967
What are the prime factors of 568147479?
3, 7211, 26263
List the prime factors of 191901483.
3, 421, 50647
List the prime factors of 1575194402.
2, 787597201
What are the prime factors of 321706382?
2, 23, 293, 23869
List the prime factors of 11991902.
2, 13, 17, 2087
List the prime factors of 7425568572.
2, 3, 4517, 136993
What are the prime factors of 36072570?
2, 3, 5, 227, 5297
List the prime factors of 1409729195.
5, 7, 1669, 24133
What are the prime factors of 518684080?
2, 5, 353, 18367
List the prime factors of 60697635.
3, 5, 239, 16931
List the prime factors of 69014194.
2, 19, 467, 3889
What are the prime factors of 565436854?
2, 282718427
What are the prime factors of 10359519?
3, 37, 93329
List the prime factors of 27604630.
2, 5, 2760463
What are the prime factors of 136930701?
3, 19, 2402293
List the prime factors of 4502944065.
3, 5, 300196271
What are the prime factors of 158813319?
3, 7, 43, 175873
What are the prime factors of 341409133?
13, 26262241
What are the prime factors of 6654596886?
2, 3, 7, 52814261
What are the prime factors of 743924537?
19, 179, 218737
What are the prime factors of 1686285397?
19, 37, 2398699
List the prime factors of 1572690007.
7, 14401, 15601
List the prime factors of 2917229